 the greatest common divisor of k and 73.
73
Suppose 0 = x + 7*x - 2336. Let k = -97 + x. Calculate the greatest common divisor of k and 15.
15
Let a = -14 + 17. Let x be 14*(a + -1)*-1. Let b = 53 + x. Calculate the greatest common divisor of b and 200.
25
Suppose -2*k = 3*g - 1, 0*k - 14 = 2*g + 5*k. Suppose j = g*j - 18. Calculate the highest common divisor of 9 and j.
9
Suppose 0 = 7*r - 3*r - 128. Suppose -2*a - r = -3*a. Calculate the highest common factor of 4 and a.
4
Suppose -5*y + 24 = -2*y. Let h = -5337 + 5425. What is the greatest common factor of h and y?
8
Let y be (-2148)/(-14) + (-200)/(-350). What is the greatest common factor of 84 and y?
14
Let l(b) = -b**3 + 6*b**2 + 19*b + 12. Let x be l(9). Let t = 94 + x. What is the highest common factor of 136 and t?
34
Let g = -13 - -18. Suppose -36 = g*z - 546. What is the greatest common divisor of z and 68?
34
Suppose y + 0*y - 5*t - 22 = 0, y - 6 = t. Let o(a) = 41*a + 6 - 4 + y + 0. Let w be o(4). Calculate the highest common factor of 21 and w.
21
Let s be ((-8)/(-3))/(2/15). Let z be (-8)/5 - 10/25. Let b be -24*((-40)/(-12))/z. Calculate the highest common divisor of s and b.
20
Let b be 24/(-16)*(-44)/6. Let v be (b/(-1))/(15/(-45)). Let u(z) = -z**2 + 9*z + 4. Let h be u(3). What is the greatest common divisor of h and v?
11
Let h(s) = -15*s**3 + s**2 - 2*s + 2. Let o be h(1). Let c = o + 18. Calculate the greatest common divisor of c and 4.
4
Suppose 6*k + 2208 = 11*k - y, 894 = 2*k - 4*y. Calculate the greatest common divisor of 18 and k.
9
Let q be (-4)/(-14) + 1640/(-56). Let r = q - -48. Let m(p) = -p**2 - p + 57. Let y be m(0). What is the greatest common divisor of y and r?
19
Suppose -32 = -2*y + x - 12, y - 7 = -x. Let j be 76/10 + 6/(-10). Suppose 0 = -4*p + 29 + j. What is the highest common factor of y and p?
9
Suppose 57*y - 2*h = 56*y + 708, -4*y + 2865 = 3*h. Calculate the highest common divisor of 42 and y.
42
Suppose 0 = 3*b - u - 4, -3*b = -3*u - 6. Let o = -11 - -8. Let i = o + 10. What is the highest common factor of b and i?
1
Let v(h) = -5*h - 250. Let x be v(-52). Calculate the greatest common divisor of x and 265.
5
Let v(p) = 43*p**3 + 3*p**2 - p. Suppose -14 = -4*o - 2*r, 3*o + 2*r + 2*r - 23 = 0. Let h be v(o). Calculate the highest common divisor of 15 and h.
15
Let y(n) be the first derivative of 2*n**3/3 - n**2/2 + n - 1. Let d be y(2). Let p be (-2)/16*-8 + (-1 - -1). Calculate the greatest common factor of p and d.
1
Suppose 3*r - 238 = 32. Suppose -2*w + 2*p = -16, 3*p + 17 = w + 3. Let n be (-13)/(-6 + 5) + w. What is the greatest common divisor of r and n?
18
Suppose -400 = -4*m - 4*p, -2*m + 0*p + 185 = -p. Let q = m - 71. Calculate the greatest common factor of 192 and q.
24
Let j = 342 - -74. Calculate the greatest common factor of 26 and j.
26
Let d(a) = -a**3 + 5. Let s be d(0). Suppose -2*i + 111 = -11. Suppose -39 - i = -2*o. What is the greatest common factor of s and o?
5
Suppose 0 = -4*s + 2*u + 68, -211*s - 5*u = -207*s - 96. What is the highest common factor of s and 893?
19
Let k be (-4)/6 - 96/(-9). Let g = 332 + -262. What is the highest common factor of k and g?
10
Let v(r) = r**2 + 24*r + 55. Let y be v(-22). Calculate the highest common divisor of y and 11.
11
Let d = -423 - -440. Calculate the greatest common factor of d and 1139.
17
Suppose 4*u + 12 = -80. Let j = u + 26. Suppose 0*k - i + 109 = j*k, -4*i - 104 = -3*k. Calculate the greatest common divisor of k and 4.
4
Let j be ((-18)/10)/(1/(-45)). Suppose 0 = -10*g + j + 99. What is the greatest common factor of g and 72?
18
Let a be -1 + 3 - (-7 + 5 - -4). Suppose a*d - 3*d = 5*o - 606, -4*o = 3*d - 486. Calculate the highest common factor of 24 and o.
24
Let k be (2 - (-196)/4) + 3. Let i = k - 80. Let o = 39 + i. Calculate the highest common factor of 117 and o.
13
Let t(r) = -1169*r + 11. Let v be t(11). Let u be (-4)/(-26) + v/(-143). What is the greatest common divisor of u and 36?
18
Suppose s - 6*s = -125. Let h be 15/(-10)*((-2)/6 - 1). Suppose -h*a + 3*a = 100. Calculate the highest common factor of a and s.
25
Suppose -20*z + 455 = -1245. What is the greatest common divisor of 25 and z?
5
Suppose 0*i + 70 = 2*i. Suppose 0*m - 8 = -2*m. Suppose -4*x = l - m*l - 13, -40 = -5*x - l. Calculate the greatest common factor of i and x.
7
Let z(l) = -7*l + 1. Let x be z(-17). Let k = x + -87. What is the greatest common factor of 11 and k?
11
Let h = 3 + 11. Let x = 11045 + -10968. What is the highest common factor of x and h?
7
Suppose -3*g + 0 + 72 = 0. Let r(s) = -s**3 + s**2 - 27. Let y be r(0). Let o = y + 30. Calculate the greatest common divisor of o and g.
3
Let v(y) = 53*y - 321. Let t be v(7). What is the greatest common divisor of 775 and t?
25
Suppose -4*f + 76 = 2*s - 8*f, 4*s + f - 134 = 0. Calculate the greatest common divisor of s and 578.
34
Let u(l) = 11*l**3 + l**2. Let o be u(1). Suppose -1008 = -17*s - 39*s. What is the greatest common factor of s and o?
6
Let v = 567 + -489. Calculate the highest common factor of v and 195.
39
Let b(s) = -34*s + 8. Let n be 31/(-11) - ((-98)/(-77))/7. Let t be b(n). What is the greatest common factor of t and 22?
22
Suppose -x - 3*b = -b - 132, 3*x + 3*b - 399 = 0. Suppose 3*o = -3*u - 0*o + 90, -4*u = -3*o - x. What is the highest common divisor of 4 and u?
4
Let n(s) be the second derivative of s**3 - 3*s**2/2 - 51*s. Let g be n(1). What is the greatest common divisor of g and 24?
3
Let v(r) = -6*r - 31. Let f be v(-6). Suppose f*d = 34 + 31. Calculate the greatest common factor of 26 and d.
13
Let t be (-2)/(-4)*3*2. Suppose t*u = 226 + 2. Let j = 134 - u. Calculate the highest common divisor of j and 29.
29
Let o(j) = j**3 + 4*j**2 - j + 1. Let y be o(-4). Suppose -l + 2 = 3*z - y, -z + 3*l = 1. What is the highest common divisor of 22 and z?
2
Suppose y - 11 = 5. Suppose 71 - 17 = 2*q. Suppose 0*w - 4*w - x + q = 0, -2*x - 26 = -2*w. Calculate the highest common factor of w and y.
8
Suppose 2*t - 2*u - 15 + 7 = 0, -3*t = 3*u. Let m = 5 + 0. Calculate the greatest common divisor of t and m.
1
Suppose -3*a - 4*v + 209 = -87, -5*a + 5*v = -435. Suppose 5*q + 5*g - 2 = -a, 10 = -q - 3*g. Let f = q - -43. Calculate the greatest common divisor of f and 7.
7
Suppose -y + 4*y = -4*s + 136, -2*s - 4*y = -68. Let t = 42 + s. What is the greatest common factor of t and 114?
38
Suppose -20*l + 11*l + 261 = 0. What is the greatest common factor of 2 and l?
1
Suppose 5*k - 4 = 11. Suppose -k*c = -66 - 54. Calculate the highest common factor of 16 and c.
8
Suppose -7*r + 4*r = -27. Let j be 2 - 5 - (-4 - (4 + 49)). Calculate the highest common factor of r and j.
9
Suppose 0 = -12*h - 51*h + 17766. Calculate the greatest common factor of h and 12.
6
Suppose 184 = 3*h - 20. Let d = h + -38. What is the greatest common factor of d and 120?
30
Let o(d) = 3*d**2 - 6*d + 49. Let l be o(6). What is the highest common divisor of l and 66?
11
Let y = 121 - -19. What is the greatest common factor of 175 and y?
35
Let s(h) = h**3 + 12*h**2 + 22*h + 20. Let o be s(-10). Suppose 4 = v - o*v. Calculate the highest common factor of v and 28.
4
Suppose y + 1 = 16. Suppose 133 = q - k, -3*k + 76 = -2*q + 340. What is the greatest common factor of q and y?
15
Let a(o) = o**3 - 3*o**2 - 20*o + 47. Let l be a(6). What is the highest common factor of 280 and l?
35
Let f = 3 + 1. Suppose 5*w - w - 16 = -4*z, 5*z - 5*w - 40 = 0. Calculate the highest common divisor of z and f.
2
Suppose 0 = -2*x + 5*r + 272, 382 = -x + 4*x - r. Suppose -5*f + 11 = -9, -3*k - 5*f + 62 = 0. What is the highest common factor of k and x?
14
Let q = -1312 - -1339. What is the greatest common factor of q and 45?
9
Suppose 0 = 5*h - 3*c - 9, -c + 11 = 3*h - 0*h. Let z = 20 - -7. Calculate the greatest common factor of h and z.
3
Let n(u) = 33*u**2 - 6*u + 6. Let v be n(-5). Let h be v/3*(-12)/14. Let x = 406 + h. Calculate the greatest common factor of x and 20.
20
Suppose -50 = -2*r + 4*r. Let d = r + 475. What is the highest common factor of d and 50?
50
Let m = -1340 - -1643. What is the highest common divisor of 404 and m?
101
Suppose 0 = -14*u + 104 + 484. What is the greatest common factor of 105 and u?
21
Let a(s) = -s**3 + 4*s**2 + 5*s - 4. Let u be a(5